2 = -2*r. Let j(y) = -2*y**2 + 2*y**3 + 2 - 4*y**3 + 2*y + y**3 + 0*y**3 + 4*y**2. Calculate j(r).
-1
Let p(j) = -8*j**2 + 90*j - 29. Let v be p(11). Let d(a) be the first derivative of -a**3/3 - 4*a**2 - 1. Give d(v).
7
Let p(t) = 3 + 9*t + 0*t + t - 14*t + 9*t. What is p(-4)?
-17
Let t(v) = -3*v**2 - 16*v - 12. Let i(j) = -4*j**2 - 20*j - 16. Let n(u) = -7*i(u) + 9*t(u). Suppose -2*x + p + 7 + 7 = 0, 0 = -3*x - 3*p + 12. Give n(x).
16
Let v(o) = -o - 6. Let i(w) = w + 5. Let y = 8 + -6. Suppose -3*z = -y*x - 17, -z + 9 = -2*x - 2. Let p(a) = x*i(a) - 3*v(a). What is p(-3)?
1
Let u(w) = -w - 4. Suppose -4 - 4 = -2*v. Suppose 5*m - 16 = m, v*m = -5*o + 41. Suppose -5*r - 2*b + 30 = 0, -b = 2*r - o*b + 12. What is u(r)?
-8
Let c(q) = -45*q + 6 - 3*q**2 + 26*q + 2*q**2 + 14*q. Give c(-6).
0
Let c be (4/(-2))/((-2)/3). Let b(t) = 7*t - 4*t**3 - 3*t**3 - c*t**2 + 6*t**3 + 1 - 2*t**2. What is b(-6)?
-5
Let x(g) = -g**2 + g. Suppose 2*c - 4 = 6*c. Let k(n) = 3*n**3 + 5*n**2 - 3*n + 1. Let m(z) = c*k(z) - 4*x(z). Give m(-1).
2
Let m be 3/(-5)*80/16. Let b be (((-15)/(-9))/5)/(1/m). Let p(l) = 3*l**2 + 7*l + 1. Let d(v) = -3*v**2 - 8*v - 1. Let r(n) = 5*d(n) + 6*p(n). Calculate r(b).
2
Let r(n) = -4*n**3 - 6*n**2 + 2*n - 17. Let z(b) = -3*b**3 - 7*b**2 + b - 16. Let c(y) = -2*r(y) + 3*z(y). Let j be c(-9). Let o(q) = -q + 6. Give o(j).
11
Let u(a) = -a**3 + 12*a**2 + 14*a - 11. Let s(n) = 3*n + 61. Let g be s(-16). Calculate u(g).
2
Let z(n) = n - 10. Let g = 7 - 8. Let b(h) = 8*h**2 + 4*h + 2. Let a(y) = 24*y**2 + 13*y + 7. Let q(w) = -2*a(w) + 7*b(w). Let s be q(g). Determine z(s).
-4
Let y = -521 + 534. Let x(s) = s**2 - 17*s + 54. Give x(y).
2
Let t(w) = -11*w**3 - 6*w**2 - 7*w + 3. Let x(p) = 4*p**3 + 2*p**2 + 3*p - 1. Let i(b) = -3*t(b) - 8*x(b). Give i(-3).
-1
Let n(x) be the second derivative of -x**4/12 - x**3/6 - 33*x**2/2 + 41*x. Let r(y) be the first derivative of n(y). What is r(-2)?
3
Let k(l) = 0*l**2 - 4*l**2 - l**3 - 1 - 2 - 2*l + 1. Let c(u) = u**2 + 1. Let d(o) = -2*c(o) - k(o). Let v = 74 + -76. Determine d(v).
-4
Let c(d) = -3*d**2 + d + 1. Suppose -12 = -3*h - 0*h. Let b = -94 - -105. Suppose 5*k + g - 11 = -h, k - b = 3*g. Determine c(k).
-9
Let w(o) = 3*o**3 - 2*o**2 + 2*o. Suppose 8 = -7*v + 11*v. Let i be w(v). Suppose -4*z = -0*z + i. Let n(u) = -3*u - 5. Determine n(z).
10
Suppose -3*i = 2*i - 90. Suppose 4*b = -2*u + i, 2*b = -2*b - 3*u + 13. Let a(n) = 9*n**2 + b*n - 18*n**2 + 1 + 8*n**2. What is a(8)?
-7
Let o(i) = -i - 3. Let b(q) = q**2 - 4*q + 3. Let h be b(6). Let n = h - 9. Let f be (n/(-4))/((-1)/(-4)). Determine o(f).
3
Let o(b) = 5*b - 20. Let l be (36/(-27))/(4/(12/(-1))). What is o(l)?
0
Let z(h) be the first derivative of -h**4/4 + h**3 - h**2/2 + h + 1055. Let g(p) = p**3 + 6*p**2 + 5*p + 3. Let b be g(-5). What is z(b)?
-2
Let n(b) = -3*b - 12. Let q(l) = -2*l - 3. Let h(m) = n(m) - 2*q(m). Give h(6).
0
Let u(f) = 3 - 2 - 5*f**3 + 6*f + 6*f**3 - 7*f**2. Let h(b) = -2*b**3 - 31*b**2 + 18*b + 38. Let y be h(-16). Determine u(y).
1
Let b(j) be the third derivative of -j**6/360 + j**5/120 + j**4/24 + j**3/2 - 29*j**2. Let i(r) be the first derivative of b(r). Give i(-1).
-1
Let l(b) = -b**3 - 4*b**2 + 3*b + 5. Let k = -13 - -19. Let w be 11/(-2) - (-3)/k. Determine l(w).
15
Let v(j) = -2*j**3 - 16*j**2 + 11*j. Let s(l) = 3*l**3 + 24*l**2 - 16*l. Let r(o) = -5*s(o) - 8*v(o). What is r(-9)?
-9
Let m(v) be the first derivative of v**2/2 - 17*v + 81. Give m(0).
-17
Let b(o) = -o**3 + 8*o**2 + 9*o + 6. Let d be (-1024)/24 - 2/6. Let s = d + 52. What is b(s)?
6
Let r(m) = -3*m - 5. Let g = -83 - -78. Calculate r(g).
10
Suppose 13*p = 5*p - 64. Let v = -9 - p. Let j(o) = 5*o**2 + o. Calculate j(v).
4
Let c(r) = -r**2 - 9*r - 2. Let m = -366 - -358. Determine c(m).
6
Let s(o) = -5 + 9 + 8 + 5*o - 7 + 3*o**2. Determine s(-2).
7
Let v(w) be the first derivative of w**4/4 - 8*w**3/3 + 9*w**2/2 - 10*w - 64. Give v(7).
4
Let b(a) be the third derivative of a**4/24 + 7*a**3/6 + 6*a**2. Let h be b(-8). Let f(d) = 3*d**3 + d**2 - 1. What is f(h)?
-3
Let p(s) = -19 - 2*s + s**3 + 51*s**2 - 45*s**2 - 10*s - 6*s. Determine p(-8).
-3
Let y(a) = 2*a - 95. Let m(j) = j - 72. Let w(v) = 4*m(v) - 3*y(v). Let b = -23 - -16. Determine w(b).
11
Let t(c) = -5*c - 18. Let b(q) = q + 1. Let w(k) = -6*b(k) - t(k). Suppose 0 = 1139*f - 1142*f + 27. Calculate w(f).
3
Suppose -5*o + 1 = -o - n, 2*n + 2 = -o. Let w be (-3)/(1 - 2) - o. Let z(r) be the third derivative of -r**6/120 + r**5/30 + r**3/3 + 61*r**2. Give z(w).
-7
Let k(f) = 2*f + 0*f - 6 + 4*f**2 + 3 + f**3 - 7*f**2. Let y(z) = -2 - z**2 + 3 + 3*z**2 + z. Let w be y(-1). Determine k(w).
-3
Let a(x) = x**2 - 2*x - 3. Let c(j) = j**3 - 4*j**2 + 2*j - 3. Let k be c(4). Suppose b - k = -1. Give a(b).
5
Let j(y) = y**2 - 9*y + 1. Let a be ((-192)/160)/(6/(-50)). Determine j(a).
11
Let y(c) = c**3 - 6*c**2 + 4*c + 7. Let h be y(5). Suppose 2*z - 4*z - h = 0. Let i(o) = 13*o**2 + 604*o - 21*o**2 - 603*o. Give i(z).
-9
Let o(q) = q - 3. Let y be o(8). Suppose w - 4*x = 15, x = y*w + 24 - 61. Let j(p) = p**3 - 7*p**2 - 1. Give j(w).
-1
Let m = -28 + 23. Let z(a) = -2*a - 3 + 7 + 0*a - a**2. Determine z(m).
-11
Let f(n) = n**2 + 12*n - 23. Let q be f(-13). Let k(v) = 3*v + 43. Let t(s) = -2*s - 29. Let u(a) = -5*k(a) - 7*t(a). What is u(q)?
-2
Let v(r) = r**2 + 21*r + 2. Suppose -3*u - 46 = 17. Give v(u).
2
Let r(h) = -h**2 - 9*h - 6. Let z = 503 + -508. Calculate r(z).
14
Let l(o) = o**3 + 2*o**2 + o. Let i(m) = -3*m**3 + m**2 - 7*m + 9. Let s(h) = -i(h) - 2*l(h). Determine s(4).
-5
Let s(m) = -2*m**3 + 2*m**2 - 5. Let u = 136 - 139. Let v(t) = -t**3 - 1. Let h(n) = u*v(n) + s(n). Calculate h(-2).
-2
Let w(y) be the second derivative of y**5/20 + y**4/6 - y**3/3 - y**2 + 3*y. Determine w(-2).
2
Suppose -34*n + 5*n = 290. Let m(y) = -6*y - 61. Calculate m(n).
-1
Let o(w) = -78*w**3 + 35*w**3 + 38*w**3 + 1. Let b = 11 - 10. Give o(b).
-4
Let s(u) = -u**3 - 4*u**2 + 5*u + 10. Let l be s(-5). Suppose 4*g = 2*g + l. Let p(c) = -c**3 + 5*c**2 - 2*c. Give p(g).
-10
Let w(y) = -y**2 - y + 1. Let o(r) = -5*r**2 - 6*r + 6. Let q(p) = -o(p) + 6*w(p). Give q(-4).
-16
Let j(g) be the second derivative of 0 + 0*g**2 + 7/6*g**3 + 3*g. Determine j(-1).
-7
Let s(g) = g**3 + 7*g**2 + 6*g + 2. Let c(t) = -t**2 - 11*t - 13. Let f be c(-9). Let o be (1*-2)/(f*3/45). Determine s(o).
2
Let s = -7 - -7. Suppose s = 2*f + 2*f - 5*i + 43, -4*i + 12 = 0. Let c(x) = -x - 4. Let u be c(f). Let q(a) = -a**3 + 3*a**2 - 2*a - 2. Determine q(u).
-8
Let h be 3/(1 - 4) - -3. Let f(g) = -2*g - 1. Let z be f(-5). Let l(s) = -s**2 + s**2 + z + s**h. What is l(0)?
9
Let z(o) be the first derivative of -1/2*o**2 - 1 - 7/6*o**3 + 1/2*o**4 + 2*o - 1/20*o**5. Let f(y) be the first derivative of z(y). Determine f(5).
-11
Let i(s) = 37*s**3 + 0*s**2 + s**2 - 36*s**3 + 4. Suppose g = -0*g. Determine i(g).
4
Let s(w) be the third derivative of -w**8/20160 + w**7/1260 + 7*w**6/720 - 29*w**5/60 - 23*w**2. Let z(f) be the third derivative of s(f). Determine z(5).
2
Let s be (-14)/4*4/(-7). Suppose 2*u = 2*b + 4, 8 = 5*u - 3*b + s. Let g(y) = -y**2 - 9. Calculate g(u).
-9
Let w(m) = 8 + 24*m - 16*m - 6*m - 3*m - m**2. Determine w(-4).
-4
Let w(c) = c**3 + 7*c**2 - 2*c - 10. Let b(y) = 2*y**2 + 82*y + 73. Let m be b(-40). Determine w(m).
4
Let c(o) = 9*o**2 - 2*o - 1. Let v be c(-1). Let q be (5/v)/(2/4)*-1. Let s(w) = -23*w. Determine s(q).
23
Let p = -54 + 51. Let i be (153/15)/p - (-8)/20. Let r(g) = g**3 + 2*g**2 - 2*g + 4. Calculate r(i).
1
Suppose 2*t + 68 = -5*v - t, -v - 5*t = 18. Let w be 2/v + 270/65. Let h(a) = -a**3 + 3*a**2 + a + 2. What is h(w)?
-10
Let u(n) = -n**3 - 5*n**2 + 2*n + 4. Let d = -12 + 22. Suppose -d - 2 = -3*b. Suppose 5 = -j + k - 0, -j + b*k = 5. Calculate u(j).
-6
Let f be (-11)/(440/(-304)) - 40/25. Let r(k) = -4*k - 7. What is r(f)?
-31
Let d(r) = r - 1. Let x(b) = 5*b - 2. Suppose -u + 8 = 4. Let c(q) = q**3 - 6*q**2 + 2*q - 13. Let y be c(6). Let m(i) = u*d(i) + y*x(i). Determine m(2).
-4
Suppose 3*b + 9 = -2*p, 5*b + 5 = p - 23. Let c(l) be the first derivative of 1/3*l**3 - 3/2*l**2 - 1 - 2*l. Give c(p).
-2
Suppose 3*w = 4*w - 5. Suppose w*r - 72 = -0*r - 4*v, 3*v - 69 = -5*r. Suppose -s = s - r. Let f(